igit of 2791?
9
What is the units digit of 21616?
6
What is the ten thousands digit of 31556?
3
What is the units digit of 1022?
2
What is the tens digit of 2757?
5
What is the thousands digit of 4373?
4
What is the thousands digit of 1230?
1
What is the hundreds digit of 254?
2
What is the units digit of 1157?
7
What is the tens digit of 655?
5
What is the units digit of 5357?
7
What is the hundreds digit of 804?
8
What is the hundreds digit of 448?
4
What is the tens digit of 2233?
3
What is the units digit of 12?
2
What is the tens digit of 152?
5
What is the thousands digit of 2251?
2
What is the units digit of 542?
2
What is the hundreds digit of 4296?
2
What is the hundreds digit of 74682?
6
What is the units digit of 175050?
0
What is the units digit of 18963?
3
What is the tens digit of 1858?
5
What is the hundreds digit of 1152?
1
What is the tens digit of 2334?
3
What is the tens digit of 1170?
7
What is the tens digit of 74623?
2
What is the units digit of 15021?
1
What is the units digit of 2297?
7
What is the hundreds digit of 3951?
9
What is the thousands digit of 9047?
9
What is the units digit of 843?
3
What is the units digit of 1216?
6
What is the units digit of 4381?
1
What is the thousands digit of 70627?
0
What is the tens digit of 5908?
0
What is the tens digit of 755?
5
What is the tens digit of 18358?
5
What is the tens digit of 10071?
7
What is the tens digit of 3475?
7
What is the ten thousands digit of 12531?
1
What is the tens digit of 3230?
3
What is the tens digit of 4729?
2
What is the hundreds digit of 56621?
6
What is the hundreds digit of 6082?
0
What is the units digit of 530?
0
What is the hundreds digit of 8387?
3
What is the tens digit of 4266?
6
What is the hundreds digit of 15419?
4
What is the tens digit of 2555?
5
What is the hundreds digit of 225?
2
What is the tens digit of 7812?
1
What is the tens digit of 49403?
0
What is the tens digit of 994?
9
What is the units digit of 15102?
2
What is the hundreds digit of 1017?
0
What is the units digit of 139?
9
What is the hundreds digit of 49698?
6
What is the units digit of 77823?
3
What is the ten thousands digit of 37822?
3
What is the tens digit of 175?
7
What is the units digit of 49202?
2
What is the units digit of 722?
2
What is the tens digit of 3395?
9
What is the units digit of 1180?
0
What is the tens digit of 634?
3
What is the units digit of 1930?
0
What is the ten thousands digit of 31726?
3
What is the thousands digit of 1606?
1
What is the units digit of 34111?
1
What is the hundreds digit of 3876?
8
What is the units digit of 2062?
2
What is the ten thousands digit of 140853?
4
What is the tens digit of 13437?
3
What is the thousands digit of 3676?
3
What is the thousands digit of 39996?
9
What is the units digit of 840?
0
What is the ten thousands digit of 12076?
1
What is the units digit of 7556?
6
What is the tens digit of 59538?
3
What is the thousands digit of 1313?
1
What is the hundreds digit of 8076?
0
What is the thousands digit of 5777?
5
What is the ten thousands digit of 56894?
5
What is the tens digit of 2487?
8
What is the units digit of 1807?
7
What is the thousands digit of 41568?
1
What is the tens digit of 359?
5
What is the thousands digit of 10433?
0
What is the thousands digit of 10954?
0
What is the tens digit of 649?
4
What is the ten thousands digit of 130100?
3
What is the thousands digit of 89572?
9
What is the ten thousands digit of 23893?
2
What is the tens digit of 5981?
8
What is the units digit of 2476?
6
What is the ten thousands digit of 51520?
5
What is the hundreds digit of 989?
9
What is the hundreds digit of 20672?
6
What is the hundreds digit of 376?
3
What is the thousands digit of 1938?
1
What is the hundreds digit of 611?
6
What is the hundreds digit of 3590?
5
What is the tens digit of 2390?
9
What is the hundreds digit of 2550?
5
What is the hundreds digit of 7949?
9
What is the tens digit of 36737?
3
What is the hundreds digit of 589?
5
What is the hundreds digit of 1191?
1
What is the units digit of 228?
8
What is the tens digit of 476?
7
What is the units digit of 54374?
4
What is the tens digit of 2959?
5
What is the hundreds digit of 5692?
6
What is the thousands digit of 9716?
9
What is the tens digit of 124221?
2
What is the hundred thousands digit of 151420?
1
What is the units digit of 1920?
0
What is the hundreds digit of 857?
8
What is the units digit of 3266?
6
What is the tens digit of 3514?
1
What is the thousands digit of 1780?
1
What is the tens digit of 15197?
9
What is the hundreds digit of 436?
4
What is the units digit of 2799?
9
What is the units digit of 13?
3
What is the units digit of 4910?
0
What is the hundreds digit of 621?
6
What is the ten thousands digit of 161292?
6
What is the tens digit of 2365?
6
What is the units digit of 7261?
1
What is the units digit of 3868?
8
What is the units digit of 14?
4
What is the tens digit of 80?
8
What is the tens digit of 107783?
8
What is the thousands digit of 12808?
2
What is the hundreds digit of 6061?
0
What is the units digit of 1448?
8
What is the units digit of 84268?
8
What is the tens digit of 1004?
0
What is the thousands digit of 11107?
1
What is the tens digit of 11752?
5
What is the hundreds digit of 8844?
8
What is the thousands digit of 4059?
4
What is the hundreds digit of 1885?
8
What is the hundred thousands digit of 102121?
1
What is the thousands digit of 3149?
3
What is the thousands digit of 1865?
1
What is the hundreds digit of 907?
9
What is the tens digit of 2639?
3
What is the units digit of 17076?
6
What is the ten thousands digit of 31703?
3
What is the units digit of 70099?
9
What is the thousands digit of 3428?
3
What is the thousands digit of 3204?
3
What is the hundreds digit of 1734?
7
What is the thousands digit of 48879?
8
What is the tens digit of 2466?
6
What is the hundreds digit of 13074?
0
What is the hundreds digit of 2941?
9
What is the units digit of 5901?
1
What is the units digit of 946?
6
What is the ten thousands digit of 33538?
3
What is the units digit of 2262?
2
What is the units digit of 107?
7
What is the units digit of 4931?
1
What is the units digit of 95161?
1
What is the hundreds digit of 17411?
4
What is the units digit of 49415?
5
What is the units digit of 59147?
7
What is the units digit of 295?
5
What is the hundreds digit of 5118?
1
What is the units digit of 14118?
8
What is the hundreds digit of 1698?
6
What is the thousands digit of 1215?
1
What is the hundreds digit of 47030?
0
What is the thousands digit of 4708?
4
What is the thousands digit of 2130?
2
What is the hundreds digit of 799?
7
What is the thousands digit of 76340?
6
What is the tens digit of 1622?
2
What is the ten thousands digit of 15313?
1
What is the thousands digit of 4415?
4
What is the thousands digit of 9693?
9
What is the tens digit of 156?
5
What is the thousands digit of 6277?
6
What is the tens digit of 26775?
7
What is the thousands digit of 1412?
1
What is the units digit of 3044?
4
What is the hundreds digit of 1116?
1
What is the hundreds digit of 1839?
8
What is the thousands digit of 4839?
4
What is the ten thousands digit of 116632?
1
What is the units digit of 1299?
9
What is the ten thousands digit of 10881?
1
What is the tens digit of 22?
2
What is the units digit of 812?
2
What is the tens digit of 6893?
9
What is the units digit of 28110?
0
What is the units digit of 3792?
2
What is the ten thousands digit of 15381?
1
What is the tens digit of 33829?
2
What is the hundreds digit of 60303?
3
What is the ten thousands digit of 12334?
1
What is the tens digit of 4230?
3
What is the hundreds digit of 729?
7
What is the ten thousands digit of 101830?
0
What is the tens digit of 841?
4
What is the hundreds digit of 11986?
9
What is the units digit of 20756?
6
What is the tens digit of 24791?
9
What is the thousands digit of 1954?
1
What is the hundreds digit of 765?
7
What is the thousands digit of 1981?
1
What is the hundreds digit of 1631?
6
What is the units digit of 16560?
0
What is the tens digit of 904?
0
What is the tens digit of 1222?
2
What is the tens digit of 16044?
4
What is the tens digit of 1419?
1
What is the tens digit of 1094?
9
What is the units digit of 674?
4
